18 is divided by 3600.
18
Calculate the remainder when 531046 is divided by 463.
448
Calculate the remainder when 113410 is divided by 603.
46
What is the remainder when 511663 is divided by 34?
31
What is the remainder when 9647850 is divided by 77?
58
What is the remainder when 944276 is divided by 944256?
20
Calculate the remainder when 19234778 is divided by 19234755.
23
What is the remainder when 1363470 is divided by 125?
95
Calculate the remainder when 2425505 is divided by 1099.
12
What is the remainder when 166513 is divided by 1602?
1507
Calculate the remainder when 1503049 is divided by 1905.
4
What is the remainder when 49068 is divided by 2356?
1948
What is the remainder when 46000461 is divided by 2300022?
21
Calculate the remainder when 11460 is divided by 5391.
678
Calculate the remainder when 169608 is divided by 3218.
2272
Calculate the remainder when 4597773 is divided by 8741.
7
Calculate the remainder when 3054249 is divided by 1018043.
120
Calculate the remainder when 31595564 is divided by 4481.
33
Calculate the remainder when 159518 is divided by 6.
2
What is the remainder when 372516282 is divided by 15?
12
Calculate the remainder when 23336 is divided by 3282.
362
Calculate the remainder when 1196378 is divided by 2436.
302
What is the remainder when 1935918 is divided by 11950?
18
Calculate the remainder when 50005914 is divided by 1341.
24
Calculate the remainder when 4262855 is divided by 14.
9
Calculate the remainder when 251294 is divided by 1494.
302
What is the remainder when 647294 is divided by 2642?
4
Calculate the remainder when 20848612 is divided by 8.
4
Calculate the remainder when 286525 is divided by 2834.
291
What is the remainder when 15303 is divided by 1873?
319
What is the remainder when 2167897 is divided by 722612?
61
What is the remainder when 24965 is divided by 24623?
342
Calculate the remainder when 1673940 is divided by 836970.
0
Calculate the remainder when 7598145 is divided by 50.
45
Calculate the remainder when 43062 is divided by 6470.
4242
Calculate the remainder when 286445 is divided by 2634.
1973
Calculate the remainder when 187638097 is divided by 3071.
3068
What is the remainder when 310388 is divided by 6569?
1645
Calculate the remainder when 22619604 is divided by 11309782.
40
Calculate the remainder when 226132317 is divided by 460.
457
What is the remainder when 29436472 is divided by 29436460?
12
Calculate the remainder when 548617 is divided by 182754.
355
What is the remainder when 14750132 is divided by 421?
397
Calculate the remainder when 54094387 is divided by 257.
256
Calculate the remainder when 7726634 is divided by 194.
2
Calculate the remainder when 13417359 is divided by 188.
175
Calculate the remainder when 1932397 is divided by 3507.
40
Calculate the remainder when 2759401 is divided by 88.
73
What is the remainder when 303377 is divided by 303052?
325
What is the remainder when 15166952 is divided by 322701?
5
Calculate the remainder when 28185 is divided by 3149.
2993
What is the remainder when 2362454 is divided by 74?
4
What is the remainder when 1302900 is divided by 63?
60
What is the remainder when 6384007 is divided by 1595979?
91
What is the remainder when 1117924 is divided by 97?
96
Calculate the remainder when 153941 is divided by 13804.
2097
What is the remainder when 889949 is divided by 221?
203
Calculate the remainder when 365020 is divided by 782.
608
Calculate the remainder when 2592393 is divided by 4202.
3961
What is the remainder when 3526888 is divided by 87?
82
Calculate the remainder when 653586 is divided by 334.
282
What is the remainder when 35307979 is divided by 2260?
2259
What is the remainder when 16842018 is divided by 65?
63
Calculate the remainder when 19393 is divided by 9637.
119
What is the remainder when 9288 is divided by 143?
136
Calculate the remainder when 81039209 is divided by 335.
29
What is the remainder when 7753020 is divided by 1832?
1828
Calculate the remainder when 2252418 is divided by 273.
168
What is the remainder when 288225 is divided by 284990?
3235
Calculate the remainder when 56258947 is divided by 110.
107
What is the remainder when 35781015 is divided by 2555785?
25
What is the remainder when 46828 is divided by 22334?
2160
Calculate the remainder when 188128 is divided by 1372.
164
What is the remainder when 612634 is divided by 2764?
1790
Calculate the remainder when 2057728 is divided by 1028861.
6
Calculate the remainder when 5796869 is divided by 803.
12
What is the remainder when 52508680 is divided by 1269?
1267
Calculate the remainder when 63701666 is divided by 110.
6
Calculate the remainder when 195561 is divided by 27525.
2886
What is the remainder when 5613944 is divided by 400995?
14
Calculate the remainder when 591068 is divided by 247.
244
Calculate the remainder when 28609 is divided by 14235.
139
What is the remainder when 386597 is divided by 304?
213
Calculate the remainder when 96718 is divided by 1892.
226
Calculate the remainder when 105761374 is divided by 2088.
2086
What is the remainder when 23194380 is divided by 859051?
3
Calculate the remainder when 126234 is divided by 2446.
1488
Calculate the remainder when 95902419 is divided by 77.
74
What is the remainder when 381765 is divided by 127252?
9
Calculate the remainder when 10008886 is divided by 262.
224
What is the remainder when 462715 is divided by 19279?
19
What is the remainder when 48010129 is divided by 741?
739
Calculate the remainder when 83357616 is divided by 242.
232
What is the remainder when 19008987 is divided by 158?
7
Calculate the remainder when 972268 is divided by 897.
817
Calculate the remainder when 5014059 is divided by 5737.
5658
What is the remainder when 2960 is divided by 1271?
418
What is the remainder when 39502 is divided by 12468?
2098
What is the remainder when 2191519 is divided by 2157?
7
What is the remainder when 93722 is divided by 15481?
836
What is the remainder when 2188821 is divided by 855?
21
What is the remainder when 8642937 is divided by 2675?
12
What is the remainder when 783637 is divided by 111945?
22
What is the remainder when 1694130 is divided by 28?
18
What is the remainder when 18397390 is divided by 417?
184
What is the remainder when 447742 is divided by 36?
10
What is the remainder when 44116498 is divided by 250?
248
What is the remainder when 94540 is divided by 2184?
628
What is the remainder when 4501557 is divided by 34?
25
What is the remainder when 2571264 is divided by 6396?
72
Calculate the remainder when 1227197 is divided by 166.
125
Calculate the remainder when 9382 is divided by 8162.
1220
Calculate the remainder when 6504916 is divided by 33.
22
Calculate the remainder when 957052 is divided by 409.
401
Calculate the remainder when 143418 is divided by 6155.
1853
What is the remainder when 2094899 is divided by 63?
23
Calculate the remainder when 35373468 is divided by 21.
18
Calculate the remainder when 35951058 is divided by 13680.
18
What is the remainder when 8269918 is divided by 19?
16
What is the remainder when 14350 is divided by 12721?
1629
What is the remainder when 37610042 is divided by 11?
8
What is the remainder when 54446 is divided by 6049?
5
What is the remainder when 269816633 is divided by 91?
86
Calculate the remainder when 1756123 is divided by 1181.
1157
What is the remainder when 27648 is divided by 12584?
2480
What is the remainder when 2586639 is divided by 80?
79
Calculate the remainder when 81218 is divided by 6092.
2022
What is the remainder when 135679 is divided by 631?
14
What is the remainder when 1667007 is divided by 408?
327
Calculate the remainder when 2110382 is divided by 54.
8
Calculate the remainder when 92273 is divided by 58.
53
Calculate the remainder when 20456639 is divided by 381.
368
What is the remainder when 732971 is divided by 774?
767
Calculate the remainder when 123104 is divided by 15232.
1248
Calculate the remainder when 8174967 is divided by 16.
7
Calculate the remainder when 94119 is divided by 46359.
1401
What is the remainder when 2017811 is divided by 10733?
7
What is the remainder when 1629456 is divided by 1629446?
10
What is the remainder when 5456658 is divided by 389761?
4
What is the